 factor of 4071 and 1725.
69
What is the greatest common divisor of 554368 and 61?
61
What is the highest common factor of 163792 and 87?
29
Calculate the highest common divisor of 33397 and 5.
1
What is the greatest common divisor of 2115945 and 117?
117
What is the greatest common divisor of 2331255 and 365?
365
Calculate the greatest common divisor of 17845 and 2905.
415
Calculate the greatest common divisor of 79644 and 324.
12
Calculate the highest common factor of 6 and 1413606.
6
Calculate the greatest common factor of 5070 and 652002.
1014
Calculate the highest common factor of 1323 and 315.
63
Calculate the greatest common divisor of 2412 and 306391.
67
Calculate the highest common divisor of 57 and 69236.
19
Calculate the highest common divisor of 168 and 672.
168
What is the highest common divisor of 4754144 and 232?
232
Calculate the greatest common divisor of 50142 and 2928.
366
What is the greatest common factor of 1248 and 54444?
156
Calculate the highest common factor of 21076 and 2838.
22
Calculate the greatest common divisor of 14600 and 24528.
584
Calculate the greatest common factor of 5 and 11941.
1
Calculate the highest common divisor of 547810 and 1450.
290
Calculate the greatest common factor of 1101220 and 20.
20
What is the highest common divisor of 76010 and 5665?
55
What is the greatest common factor of 2756 and 16907?
53
Calculate the greatest common factor of 143 and 76703.
11
What is the highest common divisor of 673666 and 70?
14
What is the greatest common divisor of 968751 and 126?
63
Calculate the greatest common factor of 41656 and 369.
41
Calculate the highest common divisor of 504 and 12114.
18
What is the highest common divisor of 126 and 10554?
6
What is the greatest common divisor of 251372 and 7018?
638
What is the highest common factor of 9815880 and 120?
120
What is the greatest common divisor of 7700 and 510125?
1925
What is the greatest common divisor of 6 and 37983?
3
Calculate the greatest common factor of 97888 and 23598.
874
What is the highest common factor of 76 and 383914?
38
What is the greatest common factor of 11176 and 418?
22
What is the highest common divisor of 25910 and 10?
10
Calculate the greatest common factor of 389 and 389.
389
Calculate the greatest common divisor of 1792 and 18634.
14
Calculate the greatest common divisor of 2 and 78714.
2
Calculate the highest common divisor of 7230576 and 96.
48
Calculate the highest common factor of 1172 and 1138012.
1172
Calculate the highest common factor of 5989 and 1378.
53
What is the greatest common factor of 78 and 36322?
26
What is the greatest common divisor of 104 and 157742?
26
Calculate the greatest common factor of 804 and 2904.
12
Calculate the highest common divisor of 6260 and 1440.
20
What is the highest common divisor of 108 and 25173?
9
Calculate the greatest common divisor of 30067 and 2033.
107
What is the greatest common factor of 441287 and 1694?
847
Calculate the greatest common factor of 295 and 3509320.
295
What is the greatest common divisor of 109221 and 147?
147
Calculate the highest common factor of 4420 and 1700.
340
Calculate the greatest common factor of 76 and 17868.
4
What is the greatest common divisor of 90872 and 2072?
296
Calculate the greatest common divisor of 45 and 296785.
5
What is the greatest common divisor of 53586 and 936?
234
Calculate the greatest common divisor of 124 and 365459.
31
Calculate the greatest common divisor of 39 and 591825.
39
Calculate the greatest common divisor of 10 and 1867630.
10
Calculate the greatest common factor of 1100 and 33275.
275
What is the highest common divisor of 77836 and 132?
44
Calculate the greatest common divisor of 28272 and 1140.
228
What is the highest common factor of 462 and 1199730?
42
What is the greatest common divisor of 16643 and 2431?
187
Calculate the greatest common factor of 8753 and 6.
1
What is the greatest common factor of 1140 and 63120?
60
Calculate the highest common divisor of 65618 and 86.
86
Calculate the greatest common factor of 116 and 278.
2
What is the highest common divisor of 51752 and 40?
8
What is the greatest common divisor of 168623 and 249392?
1417
What is the highest common divisor of 5195162 and 7?
7
Calculate the greatest common divisor of 671679 and 729.
27
Calculate the highest common divisor of 268260 and 31620.
1020
Calculate the greatest common factor of 399908 and 34.
34
Calculate the greatest common divisor of 6885 and 2040.
255
Calculate the greatest common divisor of 215 and 21457.
43
Calculate the highest common divisor of 4 and 1035844.
4
What is the highest common factor of 7012228 and 1717?
1717
What is the greatest common divisor of 600 and 154760?
40
What is the greatest common divisor of 3220 and 4140?
460
Calculate the highest common factor of 8 and 1849.
1
What is the highest common factor of 1068919 and 421?
421
Calculate the greatest common divisor of 9756 and 2.
2
What is the greatest common divisor of 2179 and 8?
1
What is the greatest common factor of 2222 and 22462?
22
Calculate the highest common factor of 4455 and 3168.
99
What is the highest common divisor of 224 and 14?
14
Calculate the highest common factor of 43910 and 1390.
10
Calculate the highest common factor of 3233 and 88023.
61
Calculate the greatest common divisor of 728660 and 40.
20
Calculate the highest common divisor of 123324 and 5258.
478
Calculate the greatest common divisor of 281 and 6838697.
281
Calculate the greatest common factor of 5124 and 19656.
84
Calculate the greatest common divisor of 273 and 355173.
273
Calculate the highest common divisor of 359748 and 108.
108
Calculate the highest common factor of 68560 and 640.
80
Calculate the greatest common divisor of 3036 and 131307.
759
What is the highest common divisor of 9763 and 702?
13
Calculate the greatest common divisor of 592 and 20276.
148
Calculate the greatest common factor of 1386253 and 22.
11
Calculate the greatest common factor of 4 and 5042.
2
What is the highest common divisor of 25730 and 5580?
310
Calculate the highest common factor of 96 and 204576.
96
Calculate the greatest common divisor of 945 and 21700.
35
Calculate the highest common divisor of 233350 and 1436.
718
Calculate the greatest common divisor of 3843 and 297.
9
Calculate the highest common factor of 105 and 43080.
15
What is the highest common factor of 8758 and 754?
58
Calculate the highest common factor of 1012 and 17963.
253
What is the greatest common divisor of 186276 and 1806?
258
What is the greatest common divisor of 17260 and 100?
20
What is the highest common divisor of 544 and 5472?
32
What is the highest common factor of 2317668 and 12?
12
Calculate the highest common divisor of 52 and 5953688.
52
What is the greatest common divisor of 7325 and 8204?
293
What is the highest common factor of 1517 and 26117?
41
What is the highest common factor of 23125 and 1369?
37
Calculate the greatest common divisor of 289140 and 1342.
122
Calculate the greatest common factor of 130 and 13975.
65
What is the highest common factor of 11875 and 3743?
19
Calculate the greatest common factor of 122472 and 10152.
216
Calculate the highest common factor of 552 and 44916.
12
Calculate the greatest common divisor of 1768317 and 3.
3
Calculate the highest common factor of 90020 and 105.
35
What is the highest common divisor of 111 and 277944?
111
What is the greatest common factor of 238650 and 53650?
1850
What is the greatest common divisor of 10 and 227966?
2
Calculate the greatest common divisor of 98 and 26358.
2
What is the highest common divisor of 13 and 175799?
13
Calculate the highest common factor of 14555 and 4757.
71
What is the highest common divisor of 1837 and 88?
11
Calculate the greatest common factor of 5 and 3357355.
5
Calculate the greatest common factor of 4399 and 36935.
83
Calculate the highest common divisor of 1695 and 2971674.
339
What is the greatest common divisor of 1494 and 7138?
166
What is the greatest common factor of 6750 and 3?
3
Calculate the highest common divisor of 44899 and 18264.
761
Calculate the greatest common factor of 13874 and 322.
14
Calculate the greatest common factor of 124425 and 450.
225
Calculate the highest common factor of 1182 and 8